4
Let w = -2 - -8. Suppose 0 = 2*n + 2 - w. Suppose -5*y = n*m - 12 - 18, -3*y + 2 = -2*m. What is the units digit of m?
5
Let f = 7 + -10. What is the units digit of f - -17 - (-2)/1?
6
Suppose -3*s - 97 = 2*g - 14, 59 = -2*s - 5*g. What is the units digit of 6/s - (-47)/9?
5
Let r(i) = -i**3 - 6*i**2 - 6*i + 6. What is the tens digit of r(-5)?
1
Let j be 1/(-1)*-3 - 0. What is the tens digit of 1/j + 68/3?
2
Suppose -2*z - 12 = i, -5*i - 3*z = -12 + 44. Let w = -49 + 28. Let n = i - w. What is the tens digit of n?
1
Let v(l) = l**2 + 5*l + 3. Let q be v(-4). Let f = 11 - q. What is the tens digit of f?
1
Let p = -6 - -17. What is the units digit of (-2)/(p/4 - 3)?
8
Suppose 0 = 4*x - 2*p - 174, -5*p + 26 = 5*x - 199. What is the tens digit of x?
4
Let y = 2 + 7. Suppose -4*j + 17 = -3*t, 5*t + 3*j + 11 = j. What is the units digit of 3/((y/(-2))/t)?
2
Let i = -34 + 79. What is the tens digit of i?
4
Let y(w) = -2*w - 2. Let i be y(6). Let c = i - -40. What is the units digit of c?
6
Let w = -2 - -2. Suppose w = r + r - 10. What is the units digit of r?
5
Let c(l) = -l + 9. Let i be c(5). What is the units digit of 5/20 + 87/i?
2
Let n be 13/(-26) - 35/2. Suppose 6*x - 2*x + 40 = 0. Let q = x - n. What is the units digit of q?
8
Suppose 5*f - 2*f - 132 = 0. What is the units digit of f?
4
Let f(s) = -11*s**2 + 10*s + 1. Let t(p) = 5*p**2 - 5*p. Let d(b) = 2*f(b) + 5*t(b). What is the tens digit of d(3)?
1
Let v be 4*(1 + -11 - 0). Let h = -8 - v. What is the units digit of h?
2
Let f be 4 - 3 - (2 + -1). Suppose f = 3*n - n - 2. What is the units digit of 3*(-3)/((-9)/n)?
1
Suppose -15*w - 84 = -17*w. What is the units digit of w?
2
Let b(r) = 2 - 1 - 7 + 4*r - 3. What is the units digit of b(4)?
7
What is the tens digit of (-2)/2 - (-4)/((-8)/(-178))?
8
Let m be 15/(-2)*(-14)/21. Suppose -9 = 2*b - 5*b, 2*b = m*c + 1. What is the units digit of (-1)/(10/(-8) + c)?
4
Let n be 14/(-91) - 4/(-26). Suppose n = -0*r + 3*r - 48. What is the tens digit of r?
1
Let l = -9 - -6. Let s(x) = -2*x**3 - x**2 + 3*x - 1. What is the units digit of s(l)?
5
Let y = 16 - 5. Suppose -9 - y = -4*q. What is the units digit of q?
5
Suppose p - f - 6 = -3, 2*p - f - 3 = 0. Let z be (p + -1)/(-1)*7. What is the units digit of (4/2 - 3) + z?
6
Let u(g) = g + 7. Let v be u(-3). Suppose 2*d - v = 8. What is the units digit of d?
6
Suppose -5 = 2*m + i, -25 = 3*i - 8*i. Let v be (1/(-2))/(4/(-96)). Let b = m + v. What is the units digit of b?
7
Let b(r) = 142*r + 2. What is the hundreds digit of b(1)?
1
Let m = -136 + 202. What is the units digit of m?
6
Suppose -4*g = -9*g. Let y = -3 - g. What is the units digit of ((-12)/(-10))/y*-25?
0
Let m(g) = g**3 + 3*g**2 - 5*g. Suppose 5*t + 5*y + 12 = 3*y, 36 = -5*t + 4*y. Let d be m(t). Suppose 0 = d*a - 31 - 1. What is the units digit of a?
8
Let l = -27 + 40. What is the units digit of l?
3
Suppose 4*h - 215 = -19. What is the units digit of h?
9
Suppose -24*g + 23*g = -101. What is the hundreds digit of g?
1
Let j(t) = t**2 + 2*t - 4. Suppose -3*y = -4*h, 2*h + 1 - 3 = 2*y. What is the units digit of j(y)?
4
Suppose 0 = -z + 6*z. Suppose 3*b - 2*a = 24, z = -4*b + a - 4 + 31. Suppose 0*u - b = -2*u. What is the units digit of u?
3
Let u(m) = 2*m - 9. Let a be u(6). Let l be -1*(-4)/a*3. Let v = -2 + l. What is the units digit of v?
2
Let y(u) = u**3 - 3*u**2 - 6*u + 4. Let b be y(6). Let g = b - 51. What is the units digit of g?
5
Let f(x) = x**3 + 12*x**2 + 7*x + 3. What is the hundreds digit of f(-5)?
1
Let t(k) = 4*k**3 - 2*k**2 + 3*k - 1. Let i(s) = s**3 + s**2. Let d(f) = 3*i(f) - t(f). What is the units digit of d(4)?
5
What is the units digit of (810/(-40))/(3/(-8))?
4
Let n = 6 - -2. What is the units digit of n?
8
Suppose -4 = -d + 4*i + 25, 2*i = d - 37. What is the units digit of d?
5
Suppose -3*i = y - 17, 0 = -2*i + 2*y - 4*y + 6. What is the units digit of i?
7
What is the tens digit of (377/52)/(((-3)/3)/(-40))?
9
Let j(x) = -x**3 - 9*x**2 - 7*x + 9. Let c be j(-8). Let i = c + 12. Suppose -3*w + i = g, 2*w = 7*w + 3*g - 19. What is the units digit of w?
5
Let y(v) = -6*v - 25. What is the units digit of y(-11)?
1
Let w(u) = -2*u + 1. Let y be w(-2). Let x = 7 - y. Suppose 13 = 3*i - x*k, -42 - 9 = -5*i - 4*k. What is the units digit of i?
7
Suppose -4*u = 4*w + 12, 3*w + 2 = -2*u - 5. Let r be (4/(-5))/(6/(-15)). Let n = w + r. What is the units digit of n?
1
Let l(x) = x - 3. Let b be l(3). Let i(t) be the second derivative of t**4/12 - t**3/6 + 7*t**2/2 - 4*t. What is the units digit of i(b)?
7
Suppose 0 = o - 5*o + 132. What is the tens digit of o?
3
Suppose -32 = 2*q + 10. Let m be (-1)/(0 + 2/(-58)). Let r = m + q. What is the units digit of r?
8
What is the hundreds digit of (-10)/(-4)*(-2548)/(-35)?
1
Let z(g) = -3*g + 7. Let s(n) = 8 + 6*n + 0*n + n - 23. Let m(f) = 6*s(f) + 13*z(f). What is the units digit of m(1)?
4
Suppose 4*l + 37 = 237. What is the tens digit of l?
5
Let b = 463 + -158. What is the hundreds digit of b?
3
Suppose 0 = -4*q + 11 - 3. Suppose -q*v - 3*v = -135. What is the tens digit of v?
2
Let n(x) = -x**2 - 11*x + 2. Let g be (2 - 0) + (-7 - 4). What is the units digit of n(g)?
0
Let u(o) = o + o + o - o + 0. What is the units digit of u(1)?
2
Let v be (-2)/5 + (-12)/(-5). Suppose v*a - 10 = 30. What is the tens digit of a?
2
Let b = -1 - 1. Let r be (b/3)/(2/(-6)). What is the units digit of -2*(1 + 0 - r)?
2
Suppose 5*j - 1 = -3*a, 2 + 2 = -j. Let b(z) = z**2 - 10*z + 10. Let s be b(a). Let p = 18 + s. What is the units digit of p?
7
Let j = 4 + -2. Let o(c) = 5 + c - 3*c**2 - 2 - j + c**3. What is the units digit of o(3)?
4
Let n(y) = 3*y + 2 - 10 - 15 + 0*y. What is the units digit of n(10)?
7
Let g = 2 - -2. Suppose -3*a = -16 + g. Suppose -4*k - a*y = -64, -5*k + 2*y - 55 = -170. What is the units digit of k?
1
Let t = 13 - 4. Suppose 3*d + 9 = -t. Let h = d + 7. What is the units digit of h?
1
Let z = -5 - -7. Let q be z + (1 + -1 - 1). Let w(x) = 18*x**2 - 2*x + 1. What is the units digit of w(q)?
7
Let h(a) = -a**3 - 6*a**2 + a + 8. Let d be h(-6). Suppose -2*q + 4 = -3*q + d*u, 16 = q + 2*u. What is the units digit of q?
6
Suppose 0 = -2*m + 8 + 4. What is the units digit of (-14)/(-35) - m/(-10)?
1
Suppose 4*s + 6 = -2*d, -s = 2*s - 5*d - 15. Suppose s = v + 1, -v - 21 = -3*r - 4*v. What is the units digit of r?
8
Let d be (-2 + 5)*2/6. Suppose -54 - d = -5*b - l, 0 = -3*b - 4*l + 16. Let m = 21 - b. What is the units digit of m?
9
Let h(t) = -t**2 + 5*t + 1. Suppose -5*i + 19 = -6. What is the units digit of h(i)?
1
Let c = -178 - -64. What is the tens digit of (5/10)/((-3)/c)?
1
Let x be (-2)/(-4) - 7/(-2). Suppose 2*k = x*k + 36. What is the units digit of (-2)/(-9) - 50/k?
3
Let l = -6 - -4. Let i = -6 - l. Let k = 14 + i. What is the units digit of k?
0
Let w be -2 + 4 + -1 + -14. Let g = w + 18. What is the units digit of g?
5
Suppose 3*l + 15 = 8*l. Let q = 9 + -6. Suppose -q*i = l*n, 0*n = -i - 2*n - 5. What is the units digit of i?
5
Suppose 7*q - 4*q - 623 = -4*w, -w - 4 = 0. What is the tens digit of q?
1
Suppose 10*p - 837 + 67 = 0. What is the units digit of p?
7
Suppose -2*s = -4*s - 12. Let n(y) = -y - 2. Let j be n(s). Suppose b - j*b + 24 = 0. What is the units digit of b?
8
Suppose p + 2*u - 100 = 0, 4 = -5*u + 14. What is the tens digit of p?
9
Let x(q) = -q. Let c be x(7). Let f = 40 + c. What is the units digit of f?
3
Let k = 4 + -4. Suppose -4*o = -5*w - 14, k = -5*o - 0*w - 4*w + 38. What is the units digit of o?
6
Let x(t) = t**3 + 8*t**2 + 9*t + 9. Let h be x(-7). Let m = 13 - 23. What is the units digit of (-26)/m + (-2)/h?
3
Let n be (3/2 + 3)*-6. Suppose -m = m - 76. Let i = n + m. What is the tens digit of i?
1
Suppose b - 30 = -0*b + 5*x, 30 = 3*b - 3*x. Suppose -b*t = -1 - 44. What is the units digit of t?
9
Let h(t) = t**2 - 7*t + 5. Let j be h(7). Suppose -j*s - 24 = -144. What is the units digit of s?
4
Suppose w = 23 + 12. Suppose -2*a - w = -7*a. What is the units digit of a?
7
Let f(n) = n**3 - 3*n**2 - 6*n + 1. What is the tens digit of f(5)?
2
Let a be 15/(-6)*(-12)/15. Let t be 3*a*8/3. Suppose 3*s + 1 - t = 0. What is the units digit of s?
5
Let w be 2 - (4 + (-2 - 129)). Suppose -n + d + 7 = -28, 0 = -3*n - 3*d + w. Wh